{"id":14,"date":"2010-05-18T10:50:38","date_gmt":"2010-05-18T10:50:38","guid":{"rendered":"http:\/\/escolaconducao-tv.com\/?page_id=14"},"modified":"2016-12-06T19:38:08","modified_gmt":"2016-12-06T19:38:08","slug":"servicos","status":"publish","type":"page","link":"http:\/\/escolaconducao-tv.com\/?page_id=14","title":{"rendered":"Servi\u00e7os"},"content":{"rendered":"<ul>\n<li>Revalida\u00e7\u00f5es de Cartas<\/li>\n<li>Altera\u00e7\u00f5es de Morada <span style=\"color: #888888;\"><em>(tamb\u00e9m de ve\u00edculos)<\/em><\/span><\/li>\n<li>Transfer\u00eancias de Ve\u00edculos<\/li>\n<li>Atestados M\u00e9dicos<\/li>\n<li>Exames PsicoT\u00e9cnicos<\/li>\n<li>[&#8230;]<\/li>\n<\/ul>\n<p style=\"text-align: center;\"><img loading=\"lazy\" class=\"size-full wp-image-174 aligncenter\" title=\"livrete\" src=\"http:\/\/escolaconducao-tv.com\/wp-content\/uploads\/2010\/05\/livrete.png\" alt=\"\" width=\"392\" height=\"263\" srcset=\"http:\/\/escolaconducao-tv.com\/wp-content\/uploads\/2010\/05\/livrete.png 560w, http:\/\/escolaconducao-tv.com\/wp-content\/uploads\/2010\/05\/livrete-300x200.png 300w\" sizes=\"(max-width: 392px) 100vw, 392px\" \/><\/p>\n","protected":false},"excerpt":{"rendered":"<p>Revalida\u00e7\u00f5es de Cartas Altera\u00e7\u00f5es de Morada (tamb\u00e9m de ve\u00edculos) Transfer\u00eancias de Ve\u00edculos Atestados M\u00e9dicos Exames PsicoT\u00e9cnicos [&#8230;]<\/p>\n","protected":false},"author":3,"featured_media":0,"parent":0,"menu_order":15,"comment_status":"open","ping_status":"closed","template":"","meta":[],"_links":{"self":[{"href":"http:\/\/escolaconducao-tv.com\/index.php?rest_route=\/wp\/v2\/pages\/14"}],"collection":[{"href":"http:\/\/escolaconducao-tv.com\/index.php?rest_route=\/wp\/v2\/pages"}],"about":[{"href":"http:\/\/escolaconducao-tv.com\/index.php?rest_route=\/wp\/v2\/types\/page"}],"author":[{"embeddable":true,"href":"http:\/\/escolaconducao-tv.com\/index.php?rest_route=\/wp\/v2\/users\/3"}],"replies":[{"embeddable":true,"href":"http:\/\/escolaconducao-tv.com\/index.php?rest_route=%2Fwp%2Fv2%2Fcomments&post=14"}],"version-history":[{"count":10,"href":"http:\/\/escolaconducao-tv.com\/index.php?rest_route=\/wp\/v2\/pages\/14\/revisions"}],"predecessor-version":[{"id":234,"href":"http:\/\/escolaconducao-tv.com\/index.php?rest_route=\/wp\/v2\/pages\/14\/revisions\/234"}],"wp:attachment":[{"href":"http:\/\/escolaconducao-tv.com\/index.php?rest_route=%2Fwp%2Fv2%2Fmedia&parent=14"}],"curies":[{"name":"wp","href":"https:\/\/api.w.org\/{rel}","templated":true}]}}