{"id":73,"date":"2010-05-18T15:17:07","date_gmt":"2010-05-18T15:17:07","guid":{"rendered":"http:\/\/escolaconducao-tv.com\/?page_id=73"},"modified":"2016-12-10T11:28:50","modified_gmt":"2016-12-10T11:28:50","slug":"categoria-ab-motocilos-ligeiros","status":"publish","type":"page","link":"http:\/\/escolaconducao-tv.com\/?page_id=73","title":{"rendered":"Categoria A+B (motociclos + ligeiros)"},"content":{"rendered":"<p><strong>\u00c9 necess\u00e1rio trazer:<\/strong><\/p>\n<div>\n<ul>\n<li>Identifica\u00e7\u00e3o Pessoal\u00a0<em><span style=\"color: #888888;\">(B.I., Cart\u00e3o do Cidad\u00e3o, T\u00edtulo de Resid\u00eancia)<\/span><\/em><\/li>\n<li>4 Fotografias<\/li>\n<li>Atestado M\u00e9dico<\/li>\n<\/ul>\n<p><strong>Pagamentos:<\/strong><\/p>\n<ul>\n<li>1\u00ba Pagamento \u2013 150,00\u20ac\u00a0<em><span style=\"color: #888888;\">(inscri\u00e7\u00e3o)<\/span><\/em><\/li>\n<li>2\u00ba Pagamento \u2013 275,00\u20ac<\/li>\n<li>3\u00ba Pagamento \u2013 250,00\u20ac<\/li>\n<li>Marc. Ex. Te\u00f3rico \u2013 30,00\u20ac<\/li>\n<li>Marc. Ex. Pr\u00e1tico \u2013 120,00\u20ac<\/li>\n<li>Desloc. Ve\u00edculos a Ex. \u2013 120,00\u20ac<\/li>\n<\/ul>\n<p><strong>Total \u2013 945,00\u20ac<\/strong><\/p>\n<\/div>\n","protected":false},"excerpt":{"rendered":"<p>\u00c9 necess\u00e1rio trazer: Identifica\u00e7\u00e3o Pessoal\u00a0(B.I., Cart\u00e3o do Cidad\u00e3o, T\u00edtulo de Resid\u00eancia) 4 Fotografias Atestado M\u00e9dico Pagamentos: 1\u00ba Pagamento \u2013 150,00\u20ac\u00a0(inscri\u00e7\u00e3o) 2\u00ba Pagamento \u2013 275,00\u20ac 3\u00ba Pagamento \u2013 250,00\u20ac Marc. Ex. Te\u00f3rico \u2013 30,00\u20ac Marc. Ex. Pr\u00e1tico \u2013 120,00\u20ac Desloc. Ve\u00edculos a Ex. \u2013 120,00\u20ac Total \u2013 945,00\u20ac<\/p>\n","protected":false},"author":3,"featured_media":0,"parent":6,"menu_order":30,"comment_status":"open","ping_status":"closed","template":"","meta":[],"_links":{"self":[{"href":"http:\/\/escolaconducao-tv.com\/index.php?rest_route=\/wp\/v2\/pages\/73"}],"collection":[{"href":"http:\/\/escolaconducao-tv.com\/index.php?rest_route=\/wp\/v2\/pages"}],"about":[{"href":"http:\/\/escolaconducao-tv.com\/index.php?rest_route=\/wp\/v2\/types\/page"}],"author":[{"embeddable":true,"href":"http:\/\/escolaconducao-tv.com\/index.php?rest_route=\/wp\/v2\/users\/3"}],"replies":[{"embeddable":true,"href":"http:\/\/escolaconducao-tv.com\/index.php?rest_route=%2Fwp%2Fv2%2Fcomments&post=73"}],"version-history":[{"count":8,"href":"http:\/\/escolaconducao-tv.com\/index.php?rest_route=\/wp\/v2\/pages\/73\/revisions"}],"predecessor-version":[{"id":247,"href":"http:\/\/escolaconducao-tv.com\/index.php?rest_route=\/wp\/v2\/pages\/73\/revisions\/247"}],"up":[{"embeddable":true,"href":"http:\/\/escolaconducao-tv.com\/index.php?rest_route=\/wp\/v2\/pages\/6"}],"wp:attachment":[{"href":"http:\/\/escolaconducao-tv.com\/index.php?rest_route=%2Fwp%2Fv2%2Fmedia&parent=73"}],"curies":[{"name":"wp","href":"https:\/\/api.w.org\/{rel}","templated":true}]}}